{"id":495,"date":"2019-06-06T19:51:25","date_gmt":"2019-06-06T19:51:25","guid":{"rendered":"https:\/\/2019.panamacity.wordcamp.org\/?page_id=495"},"modified":"2019-06-11T22:17:36","modified_gmt":"2019-06-11T22:17:36","slug":"como-se-organiza-el-wordcamp","status":"publish","type":"page","link":"https:\/\/panamacity.wordcamp.org\/2019\/como-se-organiza-el-wordcamp\/","title":{"rendered":"\u00bfC\u00f3mo se organiza el WordCamp?"},"content":{"rendered":"\n<h4 class=\"wp-block-heading\"><strong><\/strong><strong>\u00bfQu\u00e9 se hace y c\u00f3mo se organiza un WordCamp?<\/strong><strong><\/strong><\/h4>\n\n\n\n<p>En el marco de este congreso se desarrollan ponencias (o charlas), talleres, mesas redondas, actividades de networking e incluso hay espacio para el ocio.<\/p>\n\n\n\n<p>El evento tiene una duraci\u00f3n de un dos de d\u00edas (s\u00e1bado y domingo en la mayor\u00eda de los casos), aunque el viernes suele haber un acto protocolario conocido como la \u201cCena de ponentes, sponsors y organizadores\u201d.<\/p>\n\n\n\n<p>Esta cena es una forma de agradecer a los ponentes el esfuerzo econ\u00f3mico que realizan desplaz\u00e1ndose hasta la localidad de la WordCamp y pernoctando en ella. Debemos tener en cuenta que no se les paga nada por participar (aunque se les regala la entrada, l\u00f3gicamente).<\/p>\n\n\n\n<p>Los organizadores y los voluntarios que tanto se esfuerzan antes, durante y despu\u00e9s del evento, tampoco cobran nada por su trabajo.<\/p>\n\n\n\n<figure class=\"wp-block-image\"><img decoding=\"async\" src=\"https:\/\/www.easyworkation.com\/wp-content\/uploads\/2018\/04\/41610426542_2787351762_k-1140x761.jpg\" alt=\"\" \/><figcaption> WordCamp Madrid 2018<\/figcaption><\/figure>\n\n\n\n<p>Vale la pena se\u00f1alar que, en todo el continente se realizan estos congresos y que Panam\u00e1 es el \u00fanico pa\u00eds que no ten\u00eda su propia comunidad y no realizaba dicho evento, hasta ahora.<\/p>\n\n\n\n<figure class=\"wp-block-image\"><img loading=\"lazy\" decoding=\"async\" width=\"1014\" height=\"454\" src=\"https:\/\/2019.panamacity.wordcamp.org\/files\/2019\/06\/cover-lego-fans-panama.jpg\" alt=\"\" class=\"wp-image-497\" srcset=\"https:\/\/panamacity.wordcamp.org\/2019\/files\/2019\/06\/cover-lego-fans-panama.jpg 1014w, https:\/\/panamacity.wordcamp.org\/2019\/files\/2019\/06\/cover-lego-fans-panama-300x134.jpg 300w, https:\/\/panamacity.wordcamp.org\/2019\/files\/2019\/06\/cover-lego-fans-panama-768x344.jpg 768w, https:\/\/panamacity.wordcamp.org\/2019\/files\/2019\/06\/cover-lego-fans-panama-500x224.jpg 500w, https:\/\/panamacity.wordcamp.org\/2019\/files\/2019\/06\/cover-lego-fans-panama-1000x448.jpg 1000w\" sizes=\"auto, (max-width: 1014px) 100vw, 1014px\" \/><\/figure>\n\n\n\n<h2 class=\"wp-block-heading\"><strong><\/strong><strong>El Lugar<\/strong><strong><\/strong><\/h2>\n\n\n\n<p>T\u00edpicamente se escogen universidades como lugar central para este tipo de actividades ya que representan la mayor\u00eda del usuario com\u00fan de esta plataforma: los estudiantes universitarios. &nbsp;<\/p>\n\n\n\n<p>Para las entidades que han apoyado estos eventos en otros pa\u00edses, ven en este congreso una oportunidad de llevar a cabo un evento internacional, sin el peso de la organizaci\u00f3n, con el apoyo completo del representante internacional de la marca y el trabajo de la comunidad y el ej\u00e9rcito de voluntarios que la componen.<\/p>\n\n\n\n<p>As\u00ed que, el lugar donde se lleva a cabo el evento, es lo <strong>m\u00e1s<\/strong>&nbsp;importante y el punto n\u00famero <strong>uno<\/strong>&nbsp;para asegurar el \u00e9xito del congreso, por ponerlo de otro modo: sin asegurar el lugar id\u00f3neo, no hay evento.<\/p>\n\n\n\n<figure class=\"wp-block-image\"><img loading=\"lazy\" decoding=\"async\" width=\"850\" height=\"567\" src=\"https:\/\/2019.panamacity.wordcamp.org\/files\/2019\/06\/utp-postgrado.jpg\" alt=\"\" class=\"wp-image-274\" srcset=\"https:\/\/panamacity.wordcamp.org\/2019\/files\/2019\/06\/utp-postgrado.jpg 850w, https:\/\/panamacity.wordcamp.org\/2019\/files\/2019\/06\/utp-postgrado-300x200.jpg 300w, https:\/\/panamacity.wordcamp.org\/2019\/files\/2019\/06\/utp-postgrado-768x512.jpg 768w, https:\/\/panamacity.wordcamp.org\/2019\/files\/2019\/06\/utp-postgrado-450x300.jpg 450w\" sizes=\"auto, (max-width: 850px) 100vw, 850px\" \/><figcaption>Campus de la Universidad Tecnol\u00f3gica de Panam\u00e1<\/figcaption><\/figure>\n\n\n\n<p>Nuestra primera opci\u00f3n para llevar a cabo dicho evento es la <a href=\"https:\/\/2019.panamacity.wordcamp.org\/location\/\">Universidad Tecnol\u00f3gica de Panam\u00e1<\/a>, porque nos representa a la mayor\u00eda de nosotros, nuestra tecnolog\u00eda y esfuerzo por mejorarnos cada d\u00eda.<\/p>\n\n\n\n<h2 class=\"wp-block-heading\"><strong><\/strong><strong>Las charlas y talleres<\/strong><strong><\/strong><\/h2>\n\n\n\n<p>WordCamp consiste en rondas de charlas y talleres, separados en al menos 3 \u201ctracks\u201d, con la finalidad de contar con la mayor variedad de temas posibles y brindarles la opciones a los asistentes, de escoger el tema que m\u00e1s le guste. &nbsp;La imagen siguiente le puede brindar un ejemplo:<\/p>\n\n\n\n<figure class=\"wp-block-image\"><img decoding=\"async\" src=\"https:\/\/diariodeunafriki.com\/wp-content\/uploads\/2018\/03\/ProgramaWordCamp.png\" alt=\"\" \/><figcaption>Programa de WordCamp Madrid 2018<\/figcaption><\/figure>\n\n\n\n<p>Las charlas empiezan desde las 9am y hay un registro desde las 8am de cada d\u00eda, aunque el primer d\u00eda (s\u00e1bado) los voluntarios est\u00e1n en el lugar desde mucho m\u00e1s temprano, prepar\u00e1ndose para la llegada de los asistentes.<\/p>\n\n\n\n<h2 class=\"wp-block-heading\"><strong><\/strong><strong>Los expositores<\/strong><strong><\/strong><\/h2>\n\n\n\n<p>Dado que tendremos un gran programa que cubrir y con al menos 3 tracks principales, tenemos una gran tarea por delante y es la de procurar expositores de temas variados, reconocidos y presten su tiempo y conocimientos para este evento. &nbsp;A ning\u00fan expositor, local o internacional se le paga o retribuye de forma econ\u00f3mica, solo se les brinda entrada y una cena de agradecimiento.<\/p>\n\n\n\n<p>Debemos cubrir un 80\/20, donde el mayor porcentaje de expositores\/oradores sean de Panam\u00e1. &nbsp;Todas las charlas ser\u00e1n aprobadas por parte del comit\u00e9 organizador del evento.<\/p>\n\n\n\n<h2 class=\"wp-block-heading\"><strong><\/strong><strong>Los patrocinadores<\/strong><strong><\/strong><\/h2>\n\n\n\n<p>Tenemos la obligaci\u00f3n de buscar fondos para realizar esta actividad, por lo cual tendremos patrocinadores, que nos ayudar\u00e1n de manera financiera a solventar muchos gastos de la organizaci\u00f3n del evento. &nbsp;Estos patrocinadores ser\u00e1n tanto internacionales como locales. &nbsp;<\/p>\n\n\n\n<h4 class=\"wp-block-heading\">\u00bfQu\u00e9 significa esto?<\/h4>\n\n\n\n<p>WordCamp Central tiene un acuerdo con grandes empresas para participar como patrocinadores de congresos a nivel mundial, as\u00ed que contaremos desde ya con patrocinadores de la talla de Jetpack, WooCommerce, Bluehost, Liquid Web, GoDaddy, GreenGeeks &nbsp;y DreamHost. &nbsp;No todos participan presencialmente del evento.<\/p>\n\n\n\n<p>De igual manera, buscaremos patrocinadores locales, para los cuales tenemos distintos niveles de patrocinio. &nbsp;<\/p>\n\n\n\n<h2 class=\"wp-block-heading\"><strong>Las entradas<\/strong><strong><\/strong><\/h2>\n\n\n\n<p>\u00bfPor qu\u00e9 se venden entradas?<\/p>\n\n\n\n<p>Porque montar una WordCamp cuesta dinero: alquileres, equipos de audio y v\u00eddeo, conexiones a internet, catering, cena, almuerzos, cientos de metros c\u00fabicos de caf\u00e9, regalos, limpieza y muchos detalles m\u00e1s.<\/p>\n\n\n\n<p>La entrada le da derecho a los asistentes a:<\/p>\n\n\n\n<ul class=\"wp-block-list\"><li>participar en m\u00e1s de una veintena de conferencias y talleres (en dos d\u00edas), con opci\u00f3n de escoger entre m\u00e1s de 40 temas distintos.<\/li><li>comer el s\u00e1bado y domingo<\/li><li>tomar varios caf\u00e9s y almuerzos<\/li><li>una camiseta de recuerdo<\/li><li>un peque\u00f1o pack de bienvenida con tu acreditaci\u00f3n, merchandising y algunos recuerdos.<\/li><\/ul>\n\n\n\n<p>Todo esto por un precio de (aprox) $10.00 por d\u00eda. &nbsp;La venta de boletos (tickets) para asistir a este evento, se llevar\u00e1 a cabo 100% en l\u00ednea.<\/p>\n","protected":false},"excerpt":{"rendered":"<p>\u00bfQu\u00e9 se hace y c\u00f3mo se organiza un WordCamp? En el marco de este congreso se desarrollan ponencias (o charlas), talleres, mesas redondas, actividades de networking e incluso hay espacio para el ocio. El evento tiene una duraci\u00f3n de un &hellip; <a href=\"https:\/\/panamacity.wordcamp.org\/2019\/como-se-organiza-el-wordcamp\/\">Sigue leyendo <span class=\"assistive-text\">\u00bfC\u00f3mo se organiza el WordCamp?<\/span>  <span class=\"meta-nav\">&rarr;<\/span><\/a><\/p>\n","protected":false},"author":16269090,"featured_media":0,"parent":0,"menu_order":0,"comment_status":"closed","ping_status":"closed","template":"","meta":{"jetpack_post_was_ever_published":false,"footnotes":""},"class_list":["post-495","page","type-page","status-publish","hentry"],"jetpack_sharing_enabled":true,"jetpack_shortlink":"https:\/\/wp.me\/PaIve4-7Z","_links":{"self":[{"href":"https:\/\/panamacity.wordcamp.org\/2019\/wp-json\/wp\/v2\/pages\/495","targetHints":{"allow":["GET"]}}],"collection":[{"href":"https:\/\/panamacity.wordcamp.org\/2019\/wp-json\/wp\/v2\/pages"}],"about":[{"href":"https:\/\/panamacity.wordcamp.org\/2019\/wp-json\/wp\/v2\/types\/page"}],"author":[{"embeddable":true,"href":"https:\/\/panamacity.wordcamp.org\/2019\/wp-json\/wp\/v2\/users\/16269090"}],"replies":[{"embeddable":true,"href":"https:\/\/panamacity.wordcamp.org\/2019\/wp-json\/wp\/v2\/comments?post=495"}],"version-history":[{"count":7,"href":"https:\/\/panamacity.wordcamp.org\/2019\/wp-json\/wp\/v2\/pages\/495\/revisions"}],"predecessor-version":[{"id":654,"href":"https:\/\/panamacity.wordcamp.org\/2019\/wp-json\/wp\/v2\/pages\/495\/revisions\/654"}],"wp:attachment":[{"href":"https:\/\/panamacity.wordcamp.org\/2019\/wp-json\/wp\/v2\/media?parent=495"}],"curies":[{"name":"wp","href":"https:\/\/api.w.org\/{rel}","templated":true}]}}