{"id":13,"date":"2019-06-02T00:52:18","date_gmt":"2019-06-02T00:52:18","guid":{"rendered":"https:\/\/2019.panamacity.wordcamp.org\/?page_id=13"},"modified":"2019-10-18T17:05:52","modified_gmt":"2019-10-18T17:05:52","slug":"boletos","status":"publish","type":"page","link":"https:\/\/panamacity.wordcamp.org\/2019\/boletos\/","title":{"rendered":"Boletos"},"content":{"rendered":"<h3>\u00a1Gracias por su apoyo!<\/h3>\n<h2><span style=\"color: #ff0000\"><strong><span style=\"color: #3366ff\">Tenemos <span style=\"color: #ff0000\">0<\/span> tickets, para entrar al WordCamp Panam\u00e1 2019.\u00a0 Los esperamos el pr\u00f3ximo a\u00f1o, para que disfruten de una gran jornada de charlas de WordPress, tecnolog\u00eda y negocios.<\/span><\/strong><\/span><\/h2>\n<p><strong>Los tickets que ve disponibles son para nuestros voluntarios, sponsors y ponentes.\u00a0\u00a0<\/strong><\/p>\n<p><strong>Si usted pertenece a alguno de los grupos mencionados arriba, utilice el cup\u00f3n de descuento que le fue enviado por email para aplicar un descuento del 100% sobre el valor de este ticket.\u00a0 <\/strong><\/p>\n<p><strong>Su registro ser\u00e1 verificado.<\/strong><\/p>\n<a href=\"https:\/\/panamacity.wordcamp.org\/2019\/boletos\/\">Por favor, ve esta p\u00e1gina en un navegador para hacer una compra o gestionar entradas.<\/a>\n\n\n<div class=\"wp-block-image\"><figure class=\"aligncenter is-resized\"><img loading=\"lazy\" decoding=\"async\" src=\"https:\/\/2019.panamacity.wordcamp.org\/files\/2019\/06\/Montuno-Wapuu-02-final-medium.jpg\" alt=\"\" class=\"wp-image-503\" width=\"361\" height=\"361\" srcset=\"https:\/\/panamacity.wordcamp.org\/2019\/files\/2019\/06\/Montuno-Wapuu-02-final-medium.jpg 600w, https:\/\/panamacity.wordcamp.org\/2019\/files\/2019\/06\/Montuno-Wapuu-02-final-medium-150x150.jpg 150w, https:\/\/panamacity.wordcamp.org\/2019\/files\/2019\/06\/Montuno-Wapuu-02-final-medium-300x300.jpg 300w\" sizes=\"auto, (max-width: 361px) 100vw, 361px\" \/><figcaption>Wappu Montuno<\/figcaption><\/figure><\/div>\n","protected":false},"excerpt":{"rendered":"<p>\u00a1Gracias por su apoyo! Tenemos 0 tickets, para entrar al WordCamp Panam\u00e1 2019.\u00a0 Los esperamos el pr\u00f3ximo a\u00f1o, para que disfruten de una gran jornada de charlas de WordPress, tecnolog\u00eda y negocios. Los tickets que ve disponibles son para nuestros &hellip; <a href=\"https:\/\/panamacity.wordcamp.org\/2019\/boletos\/\">Sigue leyendo <span class=\"assistive-text\">Boletos<\/span>  <span class=\"meta-nav\">&rarr;<\/span><\/a><\/p>\n","protected":false},"author":16269090,"featured_media":0,"parent":0,"menu_order":0,"comment_status":"closed","ping_status":"closed","template":"","meta":{"jetpack_post_was_ever_published":false,"footnotes":""},"class_list":["post-13","page","type-page","status-publish","hentry"],"jetpack_sharing_enabled":true,"jetpack_shortlink":"https:\/\/wp.me\/PaIve4-d","_links":{"self":[{"href":"https:\/\/panamacity.wordcamp.org\/2019\/wp-json\/wp\/v2\/pages\/13","targetHints":{"allow":["GET"]}}],"collection":[{"href":"https:\/\/panamacity.wordcamp.org\/2019\/wp-json\/wp\/v2\/pages"}],"about":[{"href":"https:\/\/panamacity.wordcamp.org\/2019\/wp-json\/wp\/v2\/types\/page"}],"author":[{"embeddable":true,"href":"https:\/\/panamacity.wordcamp.org\/2019\/wp-json\/wp\/v2\/users\/16269090"}],"replies":[{"embeddable":true,"href":"https:\/\/panamacity.wordcamp.org\/2019\/wp-json\/wp\/v2\/comments?post=13"}],"version-history":[{"count":13,"href":"https:\/\/panamacity.wordcamp.org\/2019\/wp-json\/wp\/v2\/pages\/13\/revisions"}],"predecessor-version":[{"id":1886,"href":"https:\/\/panamacity.wordcamp.org\/2019\/wp-json\/wp\/v2\/pages\/13\/revisions\/1886"}],"wp:attachment":[{"href":"https:\/\/panamacity.wordcamp.org\/2019\/wp-json\/wp\/v2\/media?parent=13"}],"curies":[{"name":"wp","href":"https:\/\/api.w.org\/{rel}","templated":true}]}}